prime number?
True
Is 108232343 composite?
True
Is 7446577 a prime number?
False
Is 1092059 a composite number?
False
Is 292877187 prime?
False
Is 164975143 a composite number?
True
Is 5483831 a composite number?
False
Is 641107 prime?
False
Is 385729577 composite?
False
Is 27509681 composite?
False
Is 5049229 a composite number?
True
Is 3724001 a prime number?
True
Is 2943201 a prime number?
False
Is 22511681 prime?
False
Is 284287 prime?
False
Is 915977 a prime number?
False
Is 111958689 prime?
False
Is 1589158 composite?
True
Is 1721081 composite?
False
Is 216025811 composite?
False
Is 294439781 composite?
False
Is 3708923 a composite number?
False
Is 2360591 a prime number?
True
Is 3185537 prime?
False
Is 466608851 a prime number?
False
Is 6051917 a composite number?
False
Is 5249729 composite?
False
Is 44440583 a prime number?
False
Is 104728723 a composite number?
True
Is 73704221 composite?
True
Is 68505251 a prime number?
True
Is 752807 composite?
True
Is 3834413 a composite number?
True
Is 20102351 a composite number?
True
Is 9646027 a prime number?
False
Is 53326799 prime?
True
Is 6561391 a prime number?
False
Is 26728037 prime?
False
Is 545539 a composite number?
True
Is 8390999 a composite number?
False
Is 38286629 composite?
False
Is 37319339 a composite number?
True
Is 17789061 a composite number?
True
Is 1257199 a composite number?
False
Is 17120431 a composite number?
True
Is 6150817 composite?
False
Is 199426001 a composite number?
True
Is 144734 a prime number?
False
Is 1097009 a prime number?
True
Is 164071 prime?
True
Is 1150057 prime?
True
Is 6493217 composite?
False
Is 215392195 prime?
False
Is 9961481 a composite number?
True
Is 9802291 prime?
True
Is 83222677 composite?
True
Is 32396137 prime?
True
Is 39950249 a prime number?
False
Is 30917713 composite?
True
Is 983611 a composite number?
True
Is 94259173 a prime number?
False
Is 19448419 prime?
False
Is 125450147 a prime number?
True
Is 10567351 a prime number?
False
Is 143777285 composite?
True
Is 131936267 a composite number?
False
Is 29753717 prime?
False
Is 18233221 a composite number?
False
Is 9148927 a prime number?
True
Is 1913977 a prime number?
False
Is 277726 composite?
True
Is 4212283 prime?
True
Is 1041797 a prime number?
False
Is 1362397 composite?
True
Is 11429239 a composite number?
False
Is 1265287 prime?
False
Is 25629223 a prime number?
False
Is 4109299 composite?
True
Is 61914779 a prime number?
True
Is 100887931 prime?
True
Is 6265037 a prime number?
False
Is 36524951 prime?
False
Is 117431485 a prime number?
False
Is 15727303 a composite number?
True
Is 37004717 a prime number?
True
Is 2555893 a composite number?
False
Is 302871 a composite number?
True
Is 9128213 prime?
False
Is 6483163 prime?
True
Is 1257827 a prime number?
True
Is 112654235 prime?
False
Is 181362553 composite?
True
Is 23048699 prime?
False
Is 4300171 composite?
True
Is 11036843 composite?
True
Is 7370767 composite?
True
Is 31468823 composite?
False
Is 464731 a prime number?
False
Is 7670177 a composite number?
True
Is 245438 a composite number?
True
Is 13462571 prime?
True
Is 13397779 a composite number?
True
Is 19988623 composite?
False
Is 64010201 a prime number?
True
Is 37970729 prime?
False
Is 56888593 composite?
False
Is 4075871 composite?
False
Is 30254519 prime?
True
Is 113264701 a composite number?
True
Is 5027509 a prime number?
True
Is 2428487 composite?
False
Is 312576899 prime?
False
Is 11152399 a prime number?
True
Is 109745819 a composite number?
False
Is 1931143 prime?
True
Is 7125463 a composite number?
False
Is 616261639 composite?
True
Is 1896823 composite?
False
Is 86291981 a prime number?
True
Is 532103167 a composite number?
False
Is 1274989 composite?
False
Is 2867095427 prime?
False
Is 2252191 composite?
True
Is 10479827 composite?
False
Is 3682033 composite?
True
Is 3272437 prime?
False
Is 5372299 composite?
False
Is 248117677 a prime number?
False
Is 5132123 a prime number?
True
Is 7611313 a composite number?
False
Is 2321671 composite?
True
Is 168942955 composite?
True
Is 10165217 prime?
True
Is 16137922 prime?
False
Is 2951159 a prime number?
True
Is 4772939 prime?
True
Is 21469841 composite?
True
Is 17262239 composite?
True
Is 122133611 a prime number?
False
Is 112802687 a prime number?
True
Is 1372751 a prime number?
False
Is 1392409 composite?
True
Is 1184759 a composite number?
False
Is 7888567 composite?
False
Is 252486989 a prime number?
False
Is 520027 composite?
True
Is 81756695 a composite number?
True
Is 1196900897 a prime number?
False
Is 884057 composite?
False
Is 153773 a composite number?
True
Is 17862787 prime?
True
Is 35806397 a composite number?
True
Is 54486781 composite?
False
Is 710119 a prime number?
True
Is 25673023 a composite number?
False
Is 7864811 a composite number?
False
Is 45278069 prime?
True
Is 764783 a composite number?
False
Is 235669847 prime?
False
Is 109303507 a prime number?
False
Is 27357755 composite?
True
Is 10952866 a prime number?
False
Is 93013241 a prime number?
True
Is 10230353 composite?
True
Is 663911869 a composite number?
True
Is 4278931 prime?
True
Is 3074413 a composite number?
False
Is 22386281 a composite number?
False
Is 287733311 composite?
False
Is 454906799 a prime number?
True
Is 22423283 a composite number?
True
Is 39721967 composite?
True
Is 2546213 prime?
True
Is 162697915 composite?
True
Is 7359265 prime?
False
Is 1611829 a composite number?
True
Is 185606209 prime?
False
Is 3578353 a prime number?
True
Is 47357455 composite?
True
Is 185173067 a prime number?
True
Is 2314205 prime?
False
Is 90880267 prime?
True
Is 253579481 a prime number?
True
Is 80378833 a prime number?
True
Is 463591 composite?
True
Is 8601902 prime?
False
Is 66943537 composite?
False
Is 1498789 prime?
True
Is 113719847 composite?
False
Is 8881487 prime?
False
Is 26473661 a composite number?
True
Is 87413807 prime?
False
Is 104879849 composite?
False
Is 140476751 prime?
True
Is 7213621 composite?
False
Is 8455913 prime?
True
Is 258877967 composite?
False
Is 130610093 a composite number?
True
Is 2111633 prime?
True
Is 2490281 composite?
True
Is 3371833 composite?
False
Is 584746681 composite?
True
Is 3553463 prime?
True
Is 1046519 composite?
False
Is 1220293 a prime number?
False
Is 3192877 prime?
True
Is 58457801 prime?
False
Is 20019949 composite?
False
Is 7525711 prime?
False
Is 69702133 a prime number?
False
Is 13259027 composite?
True
Is 33645097 a composite number?
False
Is 1657231 prime?
True
Is 692749 a composite number?
True
Is 50056957 composite?
True
Is 14895629 composite?
True
Is 26959187 prime?
False
Is 4308631 composite?
True
Is 5358193 a composite number?
True
Is 5862349 composite?
False
Is 3341267 composite?
False
Is 78705061 a prime number?
True
Is 3540247 prime?
True
Is 31624381 a composite number?
True
Is 20290553 a prime number?
True
Is 906259 prime?
True
Is 32026777 a composite number?
False
Is 12415993 composite?
False
Is 137341979 a composite number?
True
Is 433309 prime?
True
Is 27939473 a composite number?
False
Is 4494899 a prime number?
False
Is 81483019 prime?
False
Is 21671731 a prime number?
True
Is 251187701 prime?
True
Is 98323415 composite?
True
Is 13044037 a prime number?
True
Is 196442 a prime number?
False
Is 19011497 a composite number?
False
Is 4064141 a composite number?
False
Is 566327 prime?
False
Is 5058881 a prime number?
True
Is 239883719 prime?
False
Is 377332523 composite?
False
Is 331879 prime?
False
Is 8234029 composite?
True
Is 427939 a composite number?
False
Is 38515193 prime?
False
Is 6035021 a prime number?
True
Is 62846221 composite?
True
Is 428453 prime?
False
Is 53539 a prime number?
False
Is 12954673 prime?
True
Is 13790887 prime?
False
Is 37185797 a prime number?
False
Is 558209 a prime number?
True
Is 12747626 a composite number?
True
Is 69219533 composite?
True
Is 1887731 a prime number?
False
Is 353438513 a composite number?
True
Is 50392679 prime?
True
Is 18765191 composite?
False
Is 36197687 a composite number?
False
Is 3842513 composite?
True
Is 145160611 prime?
False
Is 27238 a composite number?
True
Is 30630958 a prime number?
False
Is 1441309 a composite number?
False
Is 92905469 prime?
False
Is 29039833 a composite number?
True
Is 6490871 composite?
